
Suppose 3*o + 100 - 343 = 0. What is the remainder when o is divided by 41?
40
Let y be -1*3*(-21)/(-9). Let f = y + 9. Suppose f*c = -0*c + 28. Calculate the remainder when c is divided by 5.
4
Let v(k) = k + 1 + 2 + 1. Let a be v(-6). Let x = a + 8. Calculate the remainder when 16 is divided by x.
4
Let n(s) = -s**3 + 10*s**2 - 8*s - 2. What is the remainder when 34 is divided by n(9)?
6
Suppose -2*n - 57 = -3*n. Let s = n + -29. Calculate the remainder when 53 is divided by s.
25
Let y(q) = -q**2 + 6*q + 13. Calculate the remainder when 60 is divided by y(4).
18
Let i be ((-39)/3)/((-1)/1). Suppose -4*p = -0*p - 5*y - 43, y - i = -p. What is the remainder when (0 + 1 + 22)/1 is divided by p?
11
Let l(o) be the second derivative of 2*o**3/3 - 15*o**2/2 - 2*o. Calculate the remainder when l(10) is divided by 14.
11
Suppose 4*g - 1 = 3*g. What is the remainder when 31 is divided by 3/((3/16)/g)?
15
Let t(w) = -w + 5. Let c be t(0). Let x = c + -3. Suppose -x*i + 3*m + 10 = 0, -i + 3*m + 15 = 4*m. What is the remainder when i is divided by 6?
5
Let o = 39 - -28. Calculate the remainder when o is divided by 23.
21
Suppose -i + 3*d = -25, 2*i + 2*i - 4*d = 60. Let q(w) = -w**3 + 10*w**2 + 2*w + 5. What is the remainder when q(i) is divided by 9?
7
Let f = -5 - -16. Calculate the remainder when f is divided by 4/(-14) - 69/(-21).
2
Suppose -96 = -2*a - 3*a - 3*t, 0 = 2*a - 5*t - 26. Suppose 0 = -5*h + a + 22. Let p(u) = u. What is the remainder when h is divided by p(5)?
3
Suppose 19 - 271 = -14*h. Let b(q) = -q**3 + 9*q**2 - 10*q + 6. What is the remainder when b(7) is divided by h?
16
Let u be 1 - 0 - (-32)/4. Suppose 0 = 3*n - u - 3. Suppose 2*c - 3 = c. What is the remainder when n is divided by c?
1
Let l = 59 - 6. What is the remainder when l is divided by 18?
17
Suppose -80 = -w - 4*w. Suppose 9 + 9 = 3*l. What is the remainder when w is divided by l?
4
Let a(g) = 2*g**2 + 4*g + 4. Suppose -5*u + 4*z + 102 = 0, -2*u + 24 = -4*z - 24. What is the remainder when a(4) is divided by u?
16
Let a be -2 + 1 + (-6)/(-2). Suppose -3*s = 4*k + 16, 4*s - 12 = -0*s + 3*k. What is the remainder when 44 is divided by 17 + (0 - s - a)?
14
Let m(j) = 2*j**3 + 2 + 4 - 4*j + 3*j**2 + 0*j**3 - 3. What is the remainder when m(2) is divided by 8?
7
Suppose -4*g + x = -103, -4*g - g + 2*x + 128 = 0. What is the remainder when g is divided by 7?
5
Let s = 144 + -78. What is the remainder when s is divided by 18?
12
What is the remainder when 0 - ((-2 - -64)/(-1) - 2) is divided by 13?
12
Let f = 56 + -6. Let n(s) = 5*s + 4. Let o(c) = 8*c + 6. Let p(y) = -7*n(y) + 5*o(y). What is the remainder when f is divided by p(3)?
16
Let m(f) = -f**2 + 7*f - 2. Let r be m(6). Suppose 0 = -s - r*s + 90. Suppose 3*t = t - q + s, 4*q = -3*t + 17. What is the remainder when 21 is divided by t?
10
Let f = -9 + 7. Let d be 2 + (-3 - -1) - f. Suppose -4*o - 5*v + 99 = 0, d*o + 3*v - 23 - 28 = 0. What is the remainder when 81 is divided by o?
18
Let k(v) = -v**3 - v + 1. Let i(a) = 18*a - 16. What is the remainder when i(2) is divided by k(-2)?
9
Let i = -23 - -32. Calculate the remainder when 34 is divided by i.
7
Let v = 1 + 3. Suppose -5*u + 9 = -1. Suppose 0 = -u*m + m + 2. Calculate the remainder when v is divided by m.
0
Suppose -2*k = 2, 2*u + u + 2*k - 16 = 0. Calculate the remainder when 8*-2*(6 + -7) is divided by u.
4
Suppose 0*d + 30 = d. What is the remainder when d is divided by 17?
13
Let c(m) = -m**3 - 3*m**2 + 4. Let s be (48/(-8))/(1 + 1). Calculate the remainder when 10 is divided by c(s).
2
Suppose 4*a + 5 = -11. Let h be (39/a)/(6/(-16)). Suppose m - h = -4*m + 2*k, -12 = 4*k. What is the remainder when m is divided by 2?
0
Let l(o) = 2*o**3 + 2*o + 1. Let z be l(-1). What is the remainder when -1 + 2 - -3 - z is divided by 5?
2
Let u(v) = -2*v + 4. Calculate the remainder when 58 is divided by u(-4).
10
Suppose 3*t + 4 = 2*g - 4, -3*t + 8 = 2*g. Let i = t - -5. Suppose -3*o + 4 = -i. What is the remainder when 8 is divided by o?
2
Let h(q) = -17*q**3 - 1. What is the remainder when 62 is divided by h(-1)?
14
Let h(z) be the second derivative of -z**4/6 - z**3/2 + z**2 + z. Let x(q) be the first derivative of h(q). Calculate the remainder when x(-2) is divided by 3.
2
Let c(z) = z**3 - 7*z**2 - z + 7. Let s be c(7). Let w = 8 - s. Let u = 19 + -16. Calculate the remainder when w is divided by u.
2
Suppose -2*n + n + 13 = 0. Suppose 0 = -4*o + n + 11. What is the remainder when 10 is divided by o?
4
Suppose -35 - 75 = -5*a. Let x = -15 + a. Let y = -4 + 17. What is the remainder when y is divided by x?
6
Let v(l) = -2*l**3 - 5*l**2 - 2*l + 2. Suppose 0 = 4*b + 3 + 9. Let u(f) = -f**3 + 10*f**2 - 7*f - 8. What is the remainder when v(b) is divided by u(9)?
7
Calculate the remainder when (2 - -16)*2/3 is divided by 7.
5
Suppose 3*t = -0*t + 30. What is the remainder when t is divided by 6?
4
Suppose 4*r = 16 + 16. Let a be 1 - (1 + 1 + r). Let x = -5 - a. Calculate the remainder when 11 is divided by x.
3
Let m(y) = 37*y**2 + y - 1. Let o be 16/10 - (-36)/(-60). Calculate the remainder when m(o) is divided by 8.
5
Suppose 5*i - 31 - 4 = -h, 2*i = 4*h - 8. Calculate the remainder when (0 - 0) + 120/i is divided by 11.
9
Suppose 2*m + 0*m + 4 = 0. Suppose 23 + 2 = 5*f, 0 = h + f - 17. Calculate the remainder when h is divided by 58/8 - m/(-8).
5
Suppose 4*i + 3 = -1. Calculate the remainder when i + (16 - (-2 + 0)) is divided by 3/9 + 26/3.
8
Suppose n + 7 = 2*n. Let f = 16 - n. What is the remainder when 34 is divided by f?
7
Suppose 2*t - x = -4*x + 15, -4*t + 42 = 2*x. Suppose -z + 102 = 26. Let y = z + -42. Calculate the remainder when y is divided by t.
10
What is the remainder when -14 + 14 + 13 + 1 is divided by 6?
2
Suppose -4*i - l = -325, i - 5*i + 3*l = -305. Let p = i - 35. What is the remainder when p is divided by 12?
9
Let i = -12 - -12. Suppose i*g - 2*g + 14 = 0. What is the remainder when 13 is divided by g?
6
Let s(u) = -39*u - 7. Let o be s(-6). Suppose 3*m = d - 61, -2*d = -6*d - 5*m + o. What is the remainder when d is divided by 15?
13
Suppose -84 = -4*x - 4*w, x = -x + w + 33. Calculate the remainder when 35 is divided by x.
17
Suppose -2*s = -3*s + 11. What is the remainder when 20 is divided by s?
9
Suppose -14 = 3*q + 5*v, -5*v = q + 22 - 4. Let g = q + 3. Suppose 2*p - g*p - 28 = -s, 0 = -2*p. What is the remainder when s is divided by 15?
13
Let w(c) = c**3 - 3*c**2 - 5*c. Calculate the remainder when w(6) is divided by (450/135)/((0 + 2)/12).
18
Suppose 0 = 5*i - 25 - 35. Calculate the remainder when 43 is divided by i.
7
Suppose 5*v - 6 - 9 = 0. Let t(q) = 2*q - 5. What is the remainder when t(5) is divided by v?
2
Let o(g) = -16*g + 1. Let m(d) = -d. Let t(n) = -m(n) - o(n). Let w be t(3). Suppose 5*y - 15 = w. Calculate the remainder when 38 is divided by y.
12
Suppose 4*v = -5*z + 74, -6*z = -2*z + 4*v - 60. What is the remainder when z is divided by 8?
6
Suppose -3*y + 77 = -25. Calculate the remainder when y is divided by 19.
15
Let m = -5 + 16. Suppose 2*j - 3*f = -3*j + 215, -86 = -2*j - 3*f. Calculate the remainder when j is divided by m.
10
Let w(a) = a + 2. Let u be w(0). Suppose -u*g + 1 = -g. What is the remainder when 4/10 + 40/25 is divided by g?
0
Suppose 0 = 17*t - 18*t. Let d = 16 + 4. What is the remainder when 56 is divided by (t - 1)*1 + d?
18
Let y be 4*(-3)/((-3)/1). Suppose 5*r - 4*s = 260, -y*r + 2*r - 3*s = -127. What is the remainder when r is divided by 19?
18
Let g be 115 + 0/(-1) - 2. Suppose 5*b + 28 = g. What is the remainder when b is divided by 5?
2
Let g(l) = 7*l - 5. What is the remainder when g(8) is divided by -1 + 8 + -6 + 12/1?
12
Let n(j) = j**3 - 15*j**2 - 16*j + 15. Let h be n(16). Suppose -9 - h = -x. Let r = 4 - -9. Calculate the remainder when x is divided by r.
11
Let y = 89 + 101. Calculate the remainder when y is divided by 48.
46
Suppose -4*v + 158 + 78 = 0. Suppose -4*n - 5*f + v = 10, -2*n - 2*f = -22. Let u(h) = -h**2 + 10*h - 12. Calculate the remainder when n is divided by u(8).
2
Suppose -2*n = -4, 4*n + 0*n = z + 2. Let p(y) = -y**3 + 7*y**2 - 5*y - 8. Let f be p(z). Let k = 4 - f. What is the remainder when 11 is divided by k?
5
Let h be (-527)/(-4) - (-12)/(-16). Suppose 1